, what is 523 - 6?
514
In base 3, what is -22121212 - -12?
-22121200
In base 9, what is 2 - 1126?
-1124
In base 10, what is 0 + 1?
1
In base 9, what is -3 - -6731?
6727
In base 4, what is 22331 - -3?
23000
In base 8, what is 6 + 14?
22
In base 5, what is -10 - 4222?
-4232
In base 7, what is -2 - -136?
134
In base 8, what is -25 - 37?
-64
In base 10, what is -2003 + 0?
-2003
In base 16, what is 2 - d4?
-d2
In base 14, what is 9 - 27?
-1c
In base 9, what is 146 + 22?
168
In base 9, what is -541 + -43?
-584
In base 3, what is 21222221 - -11?
22000002
In base 11, what is 320 - 30?
2a0
In base 2, what is -10010101011 - 11?
-10010101110
In base 15, what is 1626 + -5?
1621
In base 4, what is 1021100 - 10?
1021030
In base 4, what is -30 + -210?
-300
In base 6, what is 1320 - -25?
1345
In base 14, what is -5 - -284?
27d
In base 5, what is -24 + -10?
-34
In base 12, what is -125 + -7?
-130
In base 14, what is -16 + -149?
-161
In base 14, what is a04 - 5?
9dd
In base 4, what is 2 - 110113?
-110111
In base 4, what is 0 - 123?
-123
In base 12, what is -b492 - -5?
-b489
In base 2, what is 10000 + 101000101?
101010101
In base 7, what is 55 + 3?
61
In base 8, what is -6 + -10?
-16
In base 5, what is 312 - -1?
313
In base 10, what is -34 - 197?
-231
In base 14, what is 26 - -5?
2b
In base 14, what is 181 - 0?
181
In base 8, what is 151 - -10?
161
In base 13, what is 3 - 47?
-44
In base 10, what is -44498 - -4?
-44494
In base 8, what is 345 + -125?
220
In base 12, what is a + 52?
60
In base 3, what is 1 + -10102121?
-10102120
In base 9, what is -404 + -4?
-408
In base 4, what is -11 - 22013?
-22030
In base 7, what is -6303 - 2?
-6305
In base 13, what is 32 - 192?
-160
In base 15, what is -35 - 2?
-37
In base 12, what is 39a - -5?
3a3
In base 10, what is -42 - 3?
-45
In base 16, what is -2 - 1d0?
-1d2
In base 2, what is 11 + 1111111?
10000010
In base 7, what is 36 + 2?
41
In base 12, what is -5 + 29?
24
In base 5, what is -10 - -204?
144
In base 10, what is 154 + -5?
149
In base 7, what is 3 + -13201?
-13165
In base 14, what is b - -13?
20
In base 2, what is -101111 + 100010111?
11101000
In base 4, what is 0 - -221300?
221300
In base 10, what is -54 + -45?
-99
In base 11, what is 4 - 17?
-13
In base 13, what is 12a - -7?
134
In base 3, what is -10 + 20?
10
In base 9, what is 141 + 48?
200
In base 9, what is 24767 + -5?
24762
In base 3, what is 112 + 20100?
20212
In base 8, what is 3640 - -4?
3644
In base 5, what is -3 - 344?
-402
In base 16, what is -5 - -dc?
d7
In base 3, what is -12 + -10021?
-10110
In base 16, what is -a + d?
3
In base 11, what is -28 - 65?
-92
In base 10, what is -9 - -157?
148
In base 13, what is 40 - -3?
43
In base 10, what is 5 + 4431?
4436
In base 16, what is a + -20?
-16
In base 15, what is 3 + -42?
-3e
In base 6, what is -3 + -3513?
-3520
In base 16, what is -996 + 2?
-994
In base 15, what is -dc - -3?
-d9
In base 3, what is 1020022 - -12?
1020111
In base 10, what is -443 + 52?
-391
In base 11, what is 4 + 50?
54
In base 3, what is 20 - -1010?
1100
In base 10, what is -3 - -130?
127
In base 13, what is 3 - 17?
-14
In base 12, what is 1 - 58?
-57
In base 12, what is -21 - -9?
-14
In base 3, what is -100022 - -1202?
-21120
In base 12, what is -1836 - -3?
-1833
In base 11, what is -37 - 14?
-50
In base 5, what is -1314 + -3?
-1322
In base 5, what is -10 - 14?
-24
In base 6, what is 223 + -2?
221
In base 8, what is -10 - -43?
33
In base 15, what is -3 - 29?
-2c
In base 4, what is 22 + -1322?
-1300
In base 9, what is 33 + 42?
75
In base 3, what is 221001 + -2?
220222
In base 5, what is 0 - -33124?
33124
In base 6, what is 4 + 10154?
10202
In base 9, what is 12 + 252?
264
In base 11, what is 3 + -82?
-7a
In base 10, what is -310 + 59?
-251
In base 4, what is 132 - 2033?
-1301
In base 5, what is 40 + 43?
133
In base 2, what is 10110011100 + 101?
10110100001
In base 4, what is 0 + 32032?
32032
In base 9, what is 404 + -3?
401
In base 13, what is 2 - -b1?
b3
In base 9, what is -74 + -2?
-76
In base 12, what is 63 + 4?
67
In base 3, what is 2120200 + -2?
2120121
In base 4, what is -13223 - -10?
-13213
In base 5, what is -32300 + -2?
-32302
In base 9, what is -2 + -7603?
-7605
In base 3, what is 1022002011 - 12?
1022001222
In base 2, what is -11 - 111011101?
-111100000
In base 3, what is -202110 + -1?
-202111
In base 14, what is c + 4c?
5a
In base 5, what is 2111 - 10?
2101
In base 3, what is -12002 - -2210?
-2022
In base 16, what is -aae + 0?
-aae
In base 16, what is 3 - -d7a?
d7d
In base 12, what is -92 - 1?
-93
In base 7, what is 3 - -400?
403
In base 11, what is -a061 + 2?
-a05a
In base 14, what is 4 - -63?
67
In base 5, what is -3421 - 0?
-3421
In base 16, what is -a2b + -3?
-a2e
In base 11, what is -17 - 0?
-17
In base 10, what is 18 - -34?
52
In base 6, what is 552 + 0?
552
In base 11, what is 41 - -86?
117
In base 15, what is 30e + 3?
312
In base 9, what is -5 + 302?
286
In base 15, what is -4 + 17c?
178
In base 9, what is -487 + 3?
-484
In base 13, what is -a7 + 5?
-a2
In base 5, what is -3 - 100?
-103
In base 9, what is -28778 + 0?
-28778
In base 2, what is 11001011110 + 100?
11001100010
In base 3, what is 10 + 102?
112
In base 13, what is 3 - -15?
18
In base 8, what is 2 + 733?
735
In base 2, what is -100011 + -101100?
-1001111
In base 11, what is 6286 + 4?
628a
In base 11, what is 77a + 0?
77a
In base 6, what is 35 - 115?
-40
In base 13, what is -105 - -5?
-100
In base 10, what is 756 - -1?
757
In base 7, what is 454 - 3?
451
In base 10, what is -4 + -54?
-58
In base 11, what is -50 + 11?
-3a
In base 5, what is -3 + -14124?
-14132
In base 15, what is -626 + -1?
-627
In base 11, what is -5 - -1?
-4
In base 6, what is -4350 - -1?
-4345
In base 16, what is 4d1 - 3?
4ce
In base 16, what is 6f - 1d?
52
In base 11, what is 142a - -4?
1433
In base 13, what is -108 - -14?
-c4
In base 11, what is 0 + 1017?
1017
In base 9, what is -43 + -3?
-46
In base 10, what is -2 + 195?
193
In base 16, what is -f4 - b?
-ff
In base 13, what is 0 - -80?
80
In base 16, what is 1 - 12?
-11
In base 13, what is 46 - 4?
42
In base 12, what is 56 + -13?
43
In base 4, what is 2013 + -103?
1310
In base 13, what is 1 + 34c?
350
In base 11, what is 11 - -53a?
550
In base 9, what is 11 + -1?
10
In base 11, what is 1344 - -3?
1347
In base 8, what is 16 - -4?
22
In base 13, what is 4 - 71?
-6a
In base 14, what is 20a9 - 3?
20a6
In base 10, what is 25 + 54?
79
In base 9, what is -30 - -26?
-3
In base 3, what is -11 + -112010?
-112021
In base 10, what is -282 + -5?
-287
In base 15, what is 5 + 1e?
24
In base 12, what is -69 - -7?
-62
In base 6, what is -2022 + 5?
-2013
In base 5, what is -12404 + 1?
-12403
In base 15, what is -4c - 40?
-8c
In base 2, what is 1 + 11111100110?
11111100111
In base 13, what is 15 - 10?
5
In base 16, what is 4 + -39a?
-396
In base 9, what is 1 - 6731?
-6730
In base 6, what is 10 - -12?
22
In base 15, what is -67 - -1?
-66
In base 3, what is 1221 - -11?
2002
In base 9, what is -3 + 86?
83
In base 13, what is -1 + -16?
-17
In base 13, what is 39 - 4?
35
In base 12, what is 1 + -281?
-280
In base 5, what is 114 - -301?
420
In base 14, what is 1 + cb?
cc
In base 10, what is 23 + 78?
101
In base 13, what is -44 + 14?
-30
In base 2, what is -100 + 111001011?
111000111
In base 2, what is -10001 + -1010011?
-1100100
In base 11, what is -13 + -4?
-17
In base 12, what is -496 - -5?
-491
In base 15, what is -7d + 23?
-5a
In base 5, what is 210 + 4?
214
In base 14, what is 0 - -7?
7
In base 3, what is 20 - 11020?
-11000
In base 2, what is -101 + 1011101?
1011000
In base 4, what is 11 + -133?
-122
In base 13, what is 1815 - -4?
1819
In base 10, what is -3 + -31?
-34
In base 14, what is 9 + 1c?
27
In base 16, what is 19a6 + 5?
19ab
In base 11, what is 4 - 42?
-39
In base 9, what is -725 + -23?
-748
In base 12, what is 4a93 + 0?
4a93
In base 6, what is 1053 + -4?
1045
In base 8, what is -17 + -30?
-47
In base 15, what is -4d + -4e?
-9c
In base 7, what is 2224 - -2?
2226
In base 13, what is 3 + -24?
-21
In base 4, what is 2001 + -30?
1311
In base 12, what is 5 - -3?
8
In base 5, what is 3 - 1331?
-1323
In base 10, what is 3043 + -4?
3039
In base 6, what is -10 - 25?
-35
In base 10, what is -127 - -16?
-111
In base 11, what is 3427 - 3?
3424
In base 7, what